{"id":229,"date":"2025-03-24T16:40:21","date_gmt":"2025-03-24T16:40:21","guid":{"rendered":"https:\/\/multirentdeco.cl\/?page_id=229"},"modified":"2025-03-24T16:40:21","modified_gmt":"2025-03-24T16:40:21","slug":"domotica","status":"publish","type":"page","link":"https:\/\/multirentdeco.cl\/?page_id=229","title":{"rendered":"Dom\u00f3tica"},"content":{"rendered":"\n<p>La <strong>dom\u00f3tica en el hogar<\/strong> mejora la comodidad, seguridad y eficiencia energ\u00e9tica con tecnolog\u00eda inteligente. Controla luces, temperatura, seguridad y m\u00e1s desde tu smartphone o por voz, creando un hogar m\u00e1s moderno y funcional.<\/p>\n\n\n\n<p>En <strong><em>Multi Rent Deco<\/em><\/strong> te lo solucionamos, algunos de los dispositivos que podemos conectar son:<\/p>\n\n\n\n<div class=\"wp-block-columns is-layout-flex wp-container-core-columns-is-layout-28f84493 wp-block-columns-is-layout-flex\">\n<div class=\"wp-block-column is-layout-flow wp-block-column-is-layout-flow\">\n<ul class=\"wp-block-list\">\n<li>Asistentes de voz <\/li>\n\n\n\n<li>Luces inteligentes <\/li>\n\n\n\n<li>Termostatos inteligentes <\/li>\n\n\n\n<li>Cerraduras electr\u00f3nicas <\/li>\n\n\n\n<li>C\u00e1maras de seguridad <\/li>\n\n\n\n<li>Sensores de movimiento y puertas <\/li>\n\n\n\n<li>Enchufes y regletas inteligentes <\/li>\n\n\n\n<li>Persianas automatizadas <\/li>\n\n\n\n<li>Electrodom\u00e9sticos conectados <\/li>\n\n\n\n<li>Sistemas de riego inteligente<\/li>\n<\/ul>\n\n\n\n<p><\/p>\n\n\n\n<p><\/p>\n\n\n<\/div>\n\n\n\n<div class=\"wp-block-column is-vertically-aligned-center is-layout-flow wp-block-column-is-layout-flow\"><\/div>\n<\/div>\n","protected":false},"excerpt":{"rendered":"<p>La dom\u00f3tica en el hogar mejora la comodidad, seguridad y eficiencia energ\u00e9tica con tecnolog\u00eda inteligente. Controla luces, temperatura, seguridad y m\u00e1s desde tu smartphone o por voz, creando un hogar m\u00e1s moderno y funcional. En Multi Rent Deco te lo solucionamos, algunos de los dispositivos que podemos conectar son:<\/p>\n","protected":false},"author":1,"featured_media":0,"parent":0,"menu_order":0,"comment_status":"closed","ping_status":"closed","template":"","meta":{"saved_in_kubio":false,"footnotes":""},"class_list":["post-229","page","type-page","status-publish","hentry"],"kubio_ai_page_context":{"short_desc":"","purpose":"general"},"_links":{"self":[{"href":"https:\/\/multirentdeco.cl\/index.php?rest_route=\/wp\/v2\/pages\/229","targetHints":{"allow":["GET"]}}],"collection":[{"href":"https:\/\/multirentdeco.cl\/index.php?rest_route=\/wp\/v2\/pages"}],"about":[{"href":"https:\/\/multirentdeco.cl\/index.php?rest_route=\/wp\/v2\/types\/page"}],"author":[{"embeddable":true,"href":"https:\/\/multirentdeco.cl\/index.php?rest_route=\/wp\/v2\/users\/1"}],"replies":[{"embeddable":true,"href":"https:\/\/multirentdeco.cl\/index.php?rest_route=%2Fwp%2Fv2%2Fcomments&post=229"}],"version-history":[{"count":1,"href":"https:\/\/multirentdeco.cl\/index.php?rest_route=\/wp\/v2\/pages\/229\/revisions"}],"predecessor-version":[{"id":240,"href":"https:\/\/multirentdeco.cl\/index.php?rest_route=\/wp\/v2\/pages\/229\/revisions\/240"}],"wp:attachment":[{"href":"https:\/\/multirentdeco.cl\/index.php?rest_route=%2Fwp%2Fv2%2Fmedia&parent=229"}],"curies":[{"name":"wp","href":"https:\/\/api.w.org\/{rel}","templated":true}]}}